1 is divided by o.
19
Let n(j) = j**2 - 65*j - 1745. What is the remainder when 689 is divided by n(87)?
13
Calculate the remainder when 1650 is divided by ((-912)/6)/(-8) - (-25)/5.
18
Suppose -5*s = 4*h - 2379, -1692 = -4*s - 105*h + 49*h. Let l(p) = p**2 - 2*p - 1. What is the remainder when s is divided by l(6)?
19
What is the remainder when 15*192/(-80)*(-166)/8 is divided by 104?
19
Let z(h) = -45475*h - 227345. Suppose 4*b + 5*l = 167 - 51, 2*l - 60 = -2*b. What is the remainder when b is divided by z(-5)?
4
Calculate the remainder when 120/(-180) + (-454)/(-6) is divided by 30.
15
Let n(k) = 9*k - 111. Let w be n(13). Suppose u + 3*o - 32 = 0, -w*u + 5*u = -4*o + 3. Calculate the remainder when u is divided by 9.
8
Let y(k) = -15*k + 13. Let r be (3 + -8)/((-2)/(-4)). Let l = 4732 + -4717. Calculate the remainder when y(r) is divided by l.
13
Suppose 2*y + 4*g = 128, -5*y + 2*g + 311 = 3*g. Calculate the remainder when 736 is divided by y.
54
Let p = 33 + -42. What is the remainder when (p/12)/(6/(-152)) is divided by 86/18 - 6/(-27)?
4
Let m(p) be the first derivative of -p**3/3 + 9*p**2/2 + 3*p + 29. What is the remainder when 110 is divided by m(4)?
18
Let a(m) = 15*m**2 - 2*m - 6. Let s be a(-4). Suppose 11*q = 10*q + 2. Suppose -q*t - s = -3*t. What is the remainder when t is divided by 35?
32
Suppose 108*l - 5*i = 111*l - 10231, 3*l = 2*i + 10259. What is the remainder when l is divided by 18?
15
Calculate the remainder when ((-4)/3*(-32)/(-128))/(3/(-3465)) is divided by 95.
5
Suppose -2*b - 6*j = -11*j + 4, 0 = 3*b - j - 7. Suppose 0*u - 2*u + 30 = 2*t, 55 = 2*t - b*u. Calculate the remainder when 336 is divided by t.
16
Let k = 183 - 180. Suppose -4*j - 4*u + 16 = 0, -k*j + 0*u + 3*u = -24. Calculate the remainder when 19 is divided by j.
1
Let j(c) = -c**2 + 101*c + 15607. Let b(l) = -l**2 - 5*l + 6. Let g be b(-6). Suppose 0 = -5*r - g*r + 70. What is the remainder when j(-84) is divided by r?
11
Let y = 26425 + -26341. Let f = 66 + -20. Calculate the remainder when y is divided by f.
38
Suppose 0*t + 510 = 6*t. Let u = -69 + t. Let m = 5 + 21. Calculate the remainder when m is divided by u.
10
Let v(q) = 606*q + 23102. Suppose 7*l = -3*m + 3*l + 100, 0 = -2*m + 5*l + 36. What is the remainder when v(-38) is divided by m?
18
Suppose -6*m + m - 4*u = -386, -2*m + 156 = 2*u. Suppose -54 = -4*c + 26. What is the remainder when m is divided by c?
14
Let a(p) = -p**3 - 13*p**2 + 18*p + 3. Let q be a(-13). Calculate the remainder when (10 + q/22)/(1/(-208)) is divided by 11.
5
Let h = -3 + 6. Suppose n + 2 = x, 6 = 5*n - 4*x + h*x. Suppose 2*d - 5 = -l, -l - 97*d = -99*d - 5. What is the remainder when l is divided by n?
1
Let y = -1574 - -2479. Suppose y = 5*m + 5*r, -3*m - m = r - 727. What is the remainder when m is divided by 61?
60
Let d = 291 - 434. Let x = 149 + d. What is the remainder when 23 is divided by x?
5
Let t = -13916 - -14009. Calculate the remainder when t is divided by 19.
17
Let k = -662 - -930. What is the remainder when k is divided by (-320)/(-6) - (-12)/18?
52
Suppose -3*f + 5*i + 1194 = -2290, 3*f - i = 3500. What is the remainder when f is divided by 47?
40
Let t(o) = -8*o**2 - 92*o - 109. Calculate the remainder when t(-8) is divided by 19.
1
Let p = 35 + -17. Let j = 14 - 14. Suppose -k - 4*k - 5 = j, -5*a = -k - 51. What is the remainder when p is divided by a?
8
Let p be (-12)/(-2) + (-15 - -11). Suppose 5*w + 4*x = 162, p*x + 10 = 4*w - 104. What is the remainder when w is divided by 8?
6
Let r = -1536030 - -1536063. Let m = 402 + -107. What is the remainder when m is divided by r?
31
Suppose -3*f + 15 = 2*f, 2*b = -5*f + 67. Let g = b - 22. Suppose g*v - 24 = 44. What is the remainder when 30 is divided by v?
13
Let f be 22/8 - 51/68. Suppose 5*s = -l - f, -6 = -3*s + 4*s + 3*l. Suppose s = -7*m + 3*m + 68. Calculate the remainder when m is divided by 11.
6
Suppose 5*p - 95 = 5*j + 1125, -j = 3*p - 704. What is the remainder when 372 is divided by p?
135
Suppose -180 = 3*a + 3*a. Let k be 23/(6/a + 12/10). Suppose k*h - 26*h = -87. Calculate the remainder when h is divided by 15.
14
Suppose 1331*v = 1330*v + 332. Calculate the remainder when v is divided by 116.
100
Let c(n) = 2*n + 4. Suppose -10*g = -28 - 52. Suppose 0 = 4*x - 13 - 19. Calculate the remainder when c(g) is divided by x.
4
What is the remainder when (-990)/54 - -19 - (-253)/3 is divided by 50?
35
Let b = -11344 + 11358. Calculate the remainder when 3540 is divided by b.
12
Suppose -82*o + 219*o = 91*o + 19274. Calculate the remainder when o is divided by 145.
129
Let k(y) = -13*y**2 - 6*y + 19. Let t be k(4). Let l = -198 - t. What is the remainder when 188 is divided by l?
8
Let y = 107 - 114. Let h(q) be the second derivative of q**5/20 + 7*q**4/12 - 2*q**3/3 + 29*q**2/2 + 4*q. What is the remainder when h(y) is divided by 30?
27
Suppose 6*y - 33*y + 6934 - 103 = 0. Calculate the remainder when 2300 is divided by y.
23
Let l(r) = 1 + 1 - r**2 + 27*r**2 - 4*r - 18*r**2. What is the remainder when 544 is divided by l(-2)?
40
Suppose -60*x = -13*x - 8*x - 8229. Calculate the remainder when x is divided by 72.
67
Let f be 1236/(-2) - (23 + -22). Let s = f + 641. What is the remainder when (10/(-5))/(4/(-130)) is divided by s?
21
Suppose 0 = -9*h + 29*h - 4060. Let s be -30 + 0 + 1 - (1 - 2). Let f = s + 62. What is the remainder when h is divided by f?
33
Let q = 9660 + -9290. What is the remainder when q is divided by 46?
2
What is the remainder when (2 - ((-270)/21)/(-5)) + 8052/28 is divided by 46?
11
Suppose -165*h - 60*h + 12825 = 0. Calculate the remainder when 3376 is divided by h.
13
Let w(f) = 5*f**3 + 6*f**2 - 5*f - 3. Let i be w(-6). Let h = 967 + i. Let k = 21 + -2. Calculate the remainder when h is divided by k.
16
Suppose -29 = -5*j - 159. Suppose 480*z - 358*z - 13908 = 0. Calculate the remainder when z is divided by (-2)/(30/j - -1).
10
Let a(n) = -n**2 + 20*n - 32. Suppose -b - 165 = -6*b. Calculate the remainder when b is divided by a(4).
1
Let h(d) = d**3 - 7*d**2 - 2*d + 12. Let x be h(7). Let l be x + (1 - -2) + 576/(-8). Let p = -18 - l. Calculate the remainder when p is divided by 27.
26
Let k(s) = -87*s - 1427. What is the remainder when k(-83) is divided by 61?
60
Let p(r) = 34*r**2 - 273*r + 30. Calculate the remainder when 142 is divided by p(8).
10
Let g be ((-3)/(-9))/(1/(-954)*-2). Suppose -c = -5*z + 775 - 50, z = 3*c + g. Let s(l) = -17*l - 5. Calculate the remainder when z is divided by s(-2).
28
Let d be 32 - 9 - (-1 - -1) - 3. Calculate the remainder when 49 is divided by (0 - -20) + d/(-4).
4
Let m be (-2)/(-16) + (-6545)/(-56). Let y = 69 + m. Calculate the remainder when y is divided by 21.
18
Let l = -57 + 136. Let d = -54 + l. Calculate the remainder when (54/(-15))/((-3)/60) is divided by d.
22
What is the remainder when (-2)/(-9) - (-1938)/27 is divided by 8 + 936/(-153) + (-8)/(-68)?
0
Suppose -2*c - 360 = -7*c. Let r = c - 32. What is the remainder when r is divided by 5/(-25) - 28*(-4)/10?
7
Calculate the remainder when ((-296)/1)/((-35 - -57)/(-22)) is divided by 23.
20
Let y(r) = r**3 + 61*r**2 - 131*r - 197. Calculate the remainder when 592 is divided by y(-63).
2
Let n(b) = -31*b**2 + 242*b - 29. Calculate the remainder when n(7) is divided by 72.
2
Suppose 0 = -298*f + 304*f - 1920. Calculate the remainder when f is divided by 35.
5
Let r(l) = -2*l**2 + 29*l + 291. Calculate the remainder when 772 is divided by r(21).
16
Suppose 0*g + 78 = 2*g. Let h be 2 - 3 - (2/(-1) + -2). Suppose -2*o = -h*o + 20. What is the remainder when g is divided by o?
19
What is the remainder when 46*22 - (-14 + (-14 - -18)) is divided by 486?
50
Suppose -i + 196 = v, 5*v - 256*i - 1008 = -257*i. Calculate the remainder when 622 is divided by v.
13
Suppose -567*x + 6 = a - 566*x, 0 = -x + 4. Calculate the remainder when (-111)/(-12) - (-2)/(-8) is divided by a.
1
Let i = 14 - 7. Suppose 3*g + i = -8, -5*u = -3*g - 175. Suppose 51 = 3*j - 5*p - 37, j - u = 3*p. Calculate the remainder when j is divided by 7.
5
Let j(r) = -r**2 - 7*r + 141. Calculate the remainder when 771 is divided by j(-11).
92
Suppose 59*p = 33*p + 31202 + 15208. What is the remainder when p is divided by 4?
1
Let o = 3473 + -3360. 